Let q be w(-12). Let g = q + 45. Calculate the greatest common divisor of g and c.
7
Let n = 21 + -16. Suppose -n*r + 0*r = 0. Suppose -2*q + 5*q - 147 = r. Calculate the highest common factor of 7 and q.
7
Let k = 71 - 67. Suppose -k*a - 5*i + 134 = 0, 0 = a + i - 6*i - 46. Calculate the greatest common divisor of 288 and a.
36
Let c(v) = -3*v**3 - 3*v**2 - 7*v - 16. Let o(f) = -2*f - 41. Let g be o(-18). Let x be c(g). Calculate the highest common divisor of x and 29.
29
Suppose 2*i = -3*i + 5*y + 385, -229 = -3*i + y. Calculate the highest common factor of i and 76.
76
Suppose -2 = x - 39. Let o = -1829 - -2014. What is the highest common factor of o and x?
37
Let a(d) be the first derivative of -d**3/3 + 7*d**2 + d - 5. Let r be a(14). Calculate the greatest common divisor of r and 11.
1
Let n be (-13 - -17) + -2*2. Suppose -x + n = 1. Let h be (-1)/x*(-44)/(-4). Calculate the greatest common divisor of 22 and h.
11
Let q be 1 - (0/2 - 3). Suppose 2*f = 2*v + 3*v - 1, 5*v + 2*f + 11 = 0. Let o be (v/2 + (-4)/(-24))*-3. Calculate the highest common factor of o and q.
1
Suppose 47 = -3*c - 25. Let t be 58/3 - (1 + 40/c). What is the greatest common factor of t and 30?
10
Let g = -282 - -287. Calculate the highest common divisor of g and 4.
1
Suppose 5*k - 137 = -47. Suppose 3*p - 11 = -4*v, 5*v + 6*p - 2*p - 14 = 0. Let c be 4612/32 + v/(-16). Calculate the greatest common divisor of c and k.
18
Suppose -n - 15*n + 728 = 10*n. Suppose 2*a = -0*a + 84. What is the highest common factor of n and a?
14
Let f = -264 - -286. Calculate the greatest common divisor of f and 2.
2
Let i(h) = -5*h - 40. Let v be i(-8). Suppose 5*a + c - 15 - 31 = 0, -a - 2*c + 11 = v. Calculate the greatest common divisor of a and 15.
3
Suppose 4*l - 4*q = -132, -4*l - 4*q = -0*q + 140. Let d = l + 69. Calculate the highest common factor of d and 350.
35
Let t = -61 + 65. Suppose -t*d + a + 46 = 3*a, 0 = d + 3*a - 9. What is the highest common divisor of d and 108?
12
Let r = -5 - -8. Let s(w) = w**2 + w - 1. Let a be s(r). Let p(q) = 14*q - 10. Let j be p(7). What is the greatest common factor of j and a?
11
Let w = -433 - -445. What is the greatest common divisor of w and 864?
12
Suppose 4*d + 456 = 5*o, -4*d - 2*o = o + 456. Suppose 5*f + 12 = 3*r + 227, 4*f - 180 = 4*r. Let n = f - d. What is the greatest common divisor of 22 and n?
22
Suppose -y + j + 8 = 0, 4*y - 12 - 18 = 2*j. Suppose 16*h = y*h + 972. Calculate the highest common divisor of h and 12.
12
Let i = -2 - -6. Let h(t) = 2*t + 32. Let a be h(-11). Let q be 20/4*(2 + (-12)/a). Calculate the highest common divisor of q and i.
4
Suppose -4*b - 10*b + 84 = 0. Let u(r) = -r + 2. Let s be u(-7). What is the highest common divisor of b and s?
3
Let h(n) = 4*n + 3 - 5 + 8*n**2 - 2 - 7*n**2. Let t be h(4). What is the highest common divisor of 42 and t?
14
Let h be 4 - (-3 - -4) - 3. Suppose -60 = -4*r - h*r. What is the highest common divisor of r and 5?
5
Let o be 8 + 6 + 6/(-3). Suppose 0 = -q - 2*c + 18, -5 = -5*q - 4*c + 103. What is the greatest common divisor of q and o?
12
Suppose -3*r - 2*l = -17 - 19, 4*r - 28 = 4*l. Let v be 2 - (-2 + 2 + -18). Suppose 0 = -m - v + 60. Calculate the greatest common divisor of m and r.
10
Let u be 1662/15*4/3*-15. Let c be (-6)/(-10) + -6 + u/(-40). Calculate the highest common factor of c and 25.
25
Let s = -946 - -1016. Calculate the highest common factor of 1890 and s.
70
Let b(r) = -2*r**2 + 24. Suppose -4*m = m. Let x be b(m). What is the greatest common factor of x and 36?
12
Let c(j) = 13 - 7 - j + 2 - 6. Let q be c(8). Let f be (-4)/q - 678/(-9). Calculate the greatest common divisor of 19 and f.
19
Let x be ((-21)/9*3 + 4)*-2. Calculate the highest common factor of x and 21.
3
Suppose -9*x + 116 = 4*b - 11*x, x - 32 = -b. Let u be 2/4*(1 - -23). Calculate the highest common factor of b and u.
6
Suppose w - 388 = -331. Calculate the highest common divisor of 12 and w.
3
Let w be (-128)/(-10)*5/2. Let g be ((-2)/(-1) - 6)*-1. What is the highest common divisor of w and g?
4
Suppose d = 2*i + 2*d - 7, -3*i = -3*d - 6. Suppose 0 = -3*u, u + 2*u = -i*r + 30. Calculate the highest common divisor of 15 and r.
5
Let a(w) = -w**3 - 5*w**2 + 2*w - 8. Let n be a(-5). Let l be (-32)/(-16)*n/(-4). Calculate the highest common divisor of l and 45.
9
Suppose -6*z = -z - 40. Let w = 78 + -85. Let i = w + z. What is the highest common divisor of i and 3?
1
Let c(p) = -4*p + 19. Let z be c(4). Let s be (z/(-15) - 1)/(3/(-140)). Let h(y) = 3*y - 1. Let w be h(3). What is the highest common factor of w and s?
8
Let u be (-62)/1 - (5/5 - 5). Suppose 9 = -3*l, 5*l = -3*f + 282 + 21. Let w = u + f. Calculate the highest common divisor of w and 120.
24
Let p(z) = -29*z**2 + 3*z + 3. Let t be p(-4). Let d = 753 + t. Calculate the greatest common divisor of 40 and d.
40
Let t(n) = n + 35. Let o be t(-26). What is the greatest common divisor of 11 and o?
1
Suppose -6*r = -102 + 30. Let f = 23 - r. Calculate the highest common factor of 44 and f.
11
Suppose 3*m + 2*r - r = 55, -4*m - 5*r + 77 = 0. Suppose 3*o + m = -0. Let u be (-4)/o - (-12)/9. Calculate the highest common divisor of 14 and u.
2
Suppose -3*f = 4*r - 20, 5*f - 2*r + 12 - 2 = 0. Let h be (-1 - f)/((-3)/81). Calculate the greatest common divisor of 216 and h.
27
Let y be ((-1380)/(-207))/(1/21). Calculate the highest common divisor of 168 and y.
28
Suppose 0 = -4*u + 4, 148 = 4*k - 4*u - 88. Suppose 5*r = 3*i - 92, 2*r + 68 = 3*i + 3*r. Calculate the highest common divisor of i and k.
12
Let i = 312 - 296. Calculate the greatest common divisor of i and 2.
2
Let p be ((-40)/(-15))/(8/132). Calculate the highest common divisor of p and 132.
44
Let m(h) = -3*h**2 + 28*h + 39. Let j be m(10). What is the greatest common divisor of 437 and j?
19
Suppose -4*x + x + 15 = 0. Suppose -x = -3*i + 4. Suppose 5*q = 2*y + 163, 160 = 5*q - 2*y - 3*y. Calculate the greatest common factor of q and i.
3
Let q = 3 + -3. Suppose 0 = y - q*y - 48. Calculate the highest common factor of y and 16.
16
Let f be -3*(-1 + -1 - 8). Suppose -150 = 54*c - 64*c. Calculate the highest common divisor of f and c.
15
Let h = -97 + 40. Let t = h + 93. What is the greatest common factor of 4 and t?
4
Let k = -2100 + 3153. Calculate the highest common divisor of 78 and k.
39
Let z(j) = j**2 - 4*j - 3. Let o be z(5). Let x = -10731 - -10745. Calculate the highest common factor of x and o.
2
Suppose -g = -4*z + 991, -2*g - 993 = -4*z - 3*g. What is the highest common factor of 16 and z?
8
Suppose -3*n - 4*d - 15 = -2*d, 3*d = 5*n + 6. Let f(v) = -18*v + 4. Let o be f(n). Calculate the greatest common factor of o and 29.
29
Let u(j) be the third derivative of j**5/20 + 5*j**4/24 - 15*j**3/2 - 9*j**2. Let a be u(8). Calculate the greatest common divisor of 17 and a.
17
Let i be (-2)/(-12) + (-2)/12. Suppose 0 = -i*b - 2*b + 14. Let g = 8 - b. Calculate the greatest common factor of g and 7.
1
Let o be (-19)/57 + 254/6. Let y = -172 - -466. What is the highest common factor of o and y?
42
Let y = 1884 - 1873. Calculate the greatest common divisor of 1507 and y.
11
Suppose -2*j + 3*b + 225 = 0, -j + 5*b + 116 = -14. Calculate the greatest common factor of 42 and j.
21
Let g be 46 - 1 - (1 - 5). Let h = g + -24. What is the greatest common divisor of h and 10?
5
Let f(b) = 3*b**2 - b + 2. Suppose -2*l - 36 = -4*i, -l + 13 = -4*i + 53. Let h = -13 + i. Let v be f(h). Calculate the highest common divisor of v and 112.
16
Let k = 101 + -47. Let r = k - 44. Calculate the greatest common factor of r and 110.
10
Let x be (-4)/6*9*176/(-8). Calculate the greatest common divisor of x and 24.
12
Let a = -115 + 123. Let q(f) = f**2 - 2*f + 1. Let y be q(-3). What is the highest common factor of y and a?
8
Let b be (0 - 0)*(-8)/(-16). Suppose b = 4*i - 0 - 20. Let k = 103 + -63. What is the greatest common factor of i and k?
5
Let x be 231/(1 + 0) + (-10)/(-10). Let v = -22 + x. Calculate the greatest common factor of v and 42.
42
Suppose -10 = 5*g, 194 = -4*v + 4*g - 3*g. Let l = v + 94. Calculate the greatest common divisor of 15 and l.
15
Let z be ((-282)/4)/((-3)/(-6)). Let y = -64 - z. Calculate the greatest common divisor of y and 11.
11
Let w(y) be the third deri